{"id":3676,"date":"2025-12-10T12:03:29","date_gmt":"2025-12-10T15:03:29","guid":{"rendered":"https:\/\/www.essek.com.br\/loja\/?post_type=product&#038;p=3676"},"modified":"2025-12-10T12:03:31","modified_gmt":"2025-12-10T15:03:31","slug":"rele-termico-para-compressores-embraco-1-3hp-220v-marca-essek","status":"publish","type":"product","link":"https:\/\/www.essek.com.br\/loja\/produto\/rele-termico-para-compressores-embraco-1-3hp-220v-marca-essek\/","title":{"rendered":"Rel\u00ea T\u00e9rmico Para Compressores Embraco 1\/3+HP 220V Marca Essek"},"content":{"rendered":"<h2 class=\"ui-pdp-description__title\" data-testid=\"title\">Descri\u00e7\u00e3o<\/h2>\n<p class=\"ui-pdp-description__content\" data-testid=\"content\">REL\u00ca PARA COMPRESSORES DE GELADEIRAS; EXPOSITORES; BALC\u00d5ES FRIGOR\u00cdFICOS; FREEZERES; C\u00c2MARAS FRIAS; CHOPEIRAS ENTRE OUTRAS APLICA\u00c7\u00d5ES.<\/p>\n<p class=\"ui-pdp-description__content\" data-testid=\"content\">MARCAS COMO: GELOPAR, METALFRIO, ELETROFRIO, ELECTROLUX, BRASTEMP, CONSUL, IMBERA, MEMO.<\/p>\n<p class=\"ui-pdp-description__content\" data-testid=\"content\">VOLTAGEM: 220V<\/p>\n<p class=\"ui-pdp-description__content\" data-testid=\"content\">Pot\u00eancia do motor: 1\/3+cv<\/p>\n<p class=\"ui-pdp-description__content\" data-testid=\"content\">MARCA DO COMPRESSOR: EMBRACO<\/p>\n","protected":false},"excerpt":{"rendered":"<p>Descri\u00e7\u00e3o REL\u00ca PARA COMPRESSORES DE GELADEIRAS; EXPOSITORES; BALC\u00d5ES FRIGOR\u00cdFICOS; FREEZERES; C\u00c2MARAS FRIAS; CHOPEIRAS ENTRE OUTRAS APLICA\u00c7\u00d5ES. MARCAS COMO: GELOPAR, METALFRIO, ELETROFRIO, ELECTROLUX, BRASTEMP, CONSUL, IMBERA, MEMO.<span class=\"excerpt-hellip\"> [\u2026]<\/span><\/p>\n","protected":false},"featured_media":3681,"comment_status":"open","ping_status":"closed","template":"","meta":[],"product_brand":[],"product_cat":[145,144,125],"product_tag":[],"class_list":{"0":"post-3676","1":"product","2":"type-product","3":"status-publish","4":"has-post-thumbnail","6":"product_cat-compressores","7":"product_cat-geladeira","8":"product_cat-rele-de-protecao","10":"first","11":"instock","12":"shipping-taxable","13":"purchasable","14":"product-type-simple"},"yoast_head":"<!-- This site is optimized with the Yoast SEO Premium plugin v24.1 (Yoast SEO v24.3) - https:\/\/yoast.com\/wordpress\/plugins\/seo\/ -->\n<title>Rel\u00ea T\u00e9rmico Para Compressores Embraco 1\/3+HP 220V Marca Essek - Essek - Importadora e Exportadora de produtos de qualidade<\/title>\n<meta name=\"robots\" content=\"index, follow, max-snippet:-1, max-image-preview:large, max-video-preview:-1\" \/>\n<link rel=\"canonical\" href=\"https:\/\/www.essek.com.br\/loja\/produto\/rele-termico-para-compressores-embraco-1-3hp-220v-marca-essek\/\" \/>\n<meta property=\"og:locale\" content=\"pt_BR\" \/>\n<meta property=\"og:type\" content=\"article\" \/>\n<meta property=\"og:title\" content=\"Rel\u00ea T\u00e9rmico Para Compressores Embraco 1\/3+HP 220V Marca Essek\" \/>\n<meta property=\"og:description\" content=\"Descri\u00e7\u00e3o REL\u00ca PARA COMPRESSORES DE GELADEIRAS; EXPOSITORES; BALC\u00d5ES FRIGOR\u00cdFICOS; FREEZERES; C\u00c2MARAS FRIAS; CHOPEIRAS ENTRE OUTRAS APLICA\u00c7\u00d5ES. MARCAS COMO: GELOPAR, METALFRIO, ELETROFRIO, ELECTROLUX, BRASTEMP, CONSUL, IMBERA, MEMO. [\u2026]\" \/>\n<meta property=\"og:url\" content=\"https:\/\/www.essek.com.br\/loja\/produto\/rele-termico-para-compressores-embraco-1-3hp-220v-marca-essek\/\" \/>\n<meta property=\"og:site_name\" content=\"Essek - Importadora e Exportadora de produtos de qualidade\" \/>\n<meta property=\"article:modified_time\" content=\"2025-12-10T15:03:31+00:00\" \/>\n<meta property=\"og:image\" content=\"https:\/\/www.essek.com.br\/loja\/wp-content\/uploads\/2025\/12\/rele_r9-3.jpg\" \/>\n\t<meta property=\"og:image:width\" content=\"625\" \/>\n\t<meta property=\"og:image:height\" content=\"491\" \/>\n\t<meta property=\"og:image:type\" content=\"image\/jpeg\" \/>\n<meta name=\"twitter:card\" content=\"summary_large_image\" \/>\n<meta name=\"twitter:label1\" content=\"Est. tempo de leitura\" \/>\n\t<meta name=\"twitter:data1\" content=\"1 minuto\" \/>\n<script type=\"application\/ld+json\" class=\"yoast-schema-graph\">{\"@context\":\"https:\/\/schema.org\",\"@graph\":[{\"@type\":\"WebPage\",\"@id\":\"https:\/\/www.essek.com.br\/loja\/produto\/rele-termico-para-compressores-embraco-1-3hp-220v-marca-essek\/\",\"url\":\"https:\/\/www.essek.com.br\/loja\/produto\/rele-termico-para-compressores-embraco-1-3hp-220v-marca-essek\/\",\"name\":\"Rel\u00ea T\u00e9rmico Para Compressores Embraco 1\/3+HP 220V Marca Essek - Essek - Importadora e Exportadora de produtos de qualidade\",\"isPartOf\":{\"@id\":\"https:\/\/www.essek.com.br\/loja\/#website\"},\"primaryImageOfPage\":{\"@id\":\"https:\/\/www.essek.com.br\/loja\/produto\/rele-termico-para-compressores-embraco-1-3hp-220v-marca-essek\/#primaryimage\"},\"image\":{\"@id\":\"https:\/\/www.essek.com.br\/loja\/produto\/rele-termico-para-compressores-embraco-1-3hp-220v-marca-essek\/#primaryimage\"},\"thumbnailUrl\":\"https:\/\/www.essek.com.br\/loja\/wp-content\/uploads\/2025\/12\/rele_r9-3.jpg\",\"datePublished\":\"2025-12-10T15:03:29+00:00\",\"dateModified\":\"2025-12-10T15:03:31+00:00\",\"breadcrumb\":{\"@id\":\"https:\/\/www.essek.com.br\/loja\/produto\/rele-termico-para-compressores-embraco-1-3hp-220v-marca-essek\/#breadcrumb\"},\"inLanguage\":\"pt-BR\",\"potentialAction\":[{\"@type\":\"ReadAction\",\"target\":[\"https:\/\/www.essek.com.br\/loja\/produto\/rele-termico-para-compressores-embraco-1-3hp-220v-marca-essek\/\"]}]},{\"@type\":\"ImageObject\",\"inLanguage\":\"pt-BR\",\"@id\":\"https:\/\/www.essek.com.br\/loja\/produto\/rele-termico-para-compressores-embraco-1-3hp-220v-marca-essek\/#primaryimage\",\"url\":\"https:\/\/www.essek.com.br\/loja\/wp-content\/uploads\/2025\/12\/rele_r9-3.jpg\",\"contentUrl\":\"https:\/\/www.essek.com.br\/loja\/wp-content\/uploads\/2025\/12\/rele_r9-3.jpg\",\"width\":625,\"height\":491},{\"@type\":\"BreadcrumbList\",\"@id\":\"https:\/\/www.essek.com.br\/loja\/produto\/rele-termico-para-compressores-embraco-1-3hp-220v-marca-essek\/#breadcrumb\",\"itemListElement\":[{\"@type\":\"ListItem\",\"position\":1,\"name\":\"In\u00edcio\",\"item\":\"https:\/\/www.essek.com.br\/loja\/\"},{\"@type\":\"ListItem\",\"position\":2,\"name\":\"Shop\",\"item\":\"https:\/\/www.essek.com.br\/loja\/shop\/\"},{\"@type\":\"ListItem\",\"position\":3,\"name\":\"Rel\u00ea T\u00e9rmico Para Compressores Embraco 1\/3+HP 220V Marca Essek\"}]},{\"@type\":\"WebSite\",\"@id\":\"https:\/\/www.essek.com.br\/loja\/#website\",\"url\":\"https:\/\/www.essek.com.br\/loja\/\",\"name\":\"Essek - Importadora e Exportadora de produtos de qualidade\",\"description\":\"Importadora e Exportadora de produtos de qualidade\",\"publisher\":{\"@id\":\"https:\/\/www.essek.com.br\/loja\/#organization\"},\"alternateName\":\"Essek\",\"potentialAction\":[{\"@type\":\"SearchAction\",\"target\":{\"@type\":\"EntryPoint\",\"urlTemplate\":\"https:\/\/www.essek.com.br\/loja\/?s={search_term_string}\"},\"query-input\":{\"@type\":\"PropertyValueSpecification\",\"valueRequired\":true,\"valueName\":\"search_term_string\"}}],\"inLanguage\":\"pt-BR\"},{\"@type\":\"Organization\",\"@id\":\"https:\/\/www.essek.com.br\/loja\/#organization\",\"name\":\"Essek - Importadora e Exportadora de produtos de qualidade\",\"alternateName\":\"Essek\",\"url\":\"https:\/\/www.essek.com.br\/loja\/\",\"logo\":{\"@type\":\"ImageObject\",\"inLanguage\":\"pt-BR\",\"@id\":\"https:\/\/www.essek.com.br\/loja\/#\/schema\/logo\/image\/\",\"url\":\"https:\/\/www.essek.com.br\/loja\/wp-content\/uploads\/2025\/01\/Group-205.png\",\"contentUrl\":\"https:\/\/www.essek.com.br\/loja\/wp-content\/uploads\/2025\/01\/Group-205.png\",\"width\":717,\"height\":571,\"caption\":\"Essek - Importadora e Exportadora de produtos de qualidade\"},\"image\":{\"@id\":\"https:\/\/www.essek.com.br\/loja\/#\/schema\/logo\/image\/\"},\"sameAs\":[\"https:\/\/www.instagram.com\/essekcomercial\/\",\"https:\/\/www.linkedin.com\/company\/essek-comercial\"]}]}<\/script>\n<!-- \/ Yoast SEO Premium plugin. -->","yoast_head_json":{"title":"Rel\u00ea T\u00e9rmico Para Compressores Embraco 1\/3+HP 220V Marca Essek - Essek - Importadora e Exportadora de produtos de qualidade","robots":{"index":"index","follow":"follow","max-snippet":"max-snippet:-1","max-image-preview":"max-image-preview:large","max-video-preview":"max-video-preview:-1"},"canonical":"https:\/\/www.essek.com.br\/loja\/produto\/rele-termico-para-compressores-embraco-1-3hp-220v-marca-essek\/","og_locale":"pt_BR","og_type":"article","og_title":"Rel\u00ea T\u00e9rmico Para Compressores Embraco 1\/3+HP 220V Marca Essek","og_description":"Descri\u00e7\u00e3o REL\u00ca PARA COMPRESSORES DE GELADEIRAS; EXPOSITORES; BALC\u00d5ES FRIGOR\u00cdFICOS; FREEZERES; C\u00c2MARAS FRIAS; CHOPEIRAS ENTRE OUTRAS APLICA\u00c7\u00d5ES. MARCAS COMO: GELOPAR, METALFRIO, ELETROFRIO, ELECTROLUX, BRASTEMP, CONSUL, IMBERA, MEMO. [\u2026]","og_url":"https:\/\/www.essek.com.br\/loja\/produto\/rele-termico-para-compressores-embraco-1-3hp-220v-marca-essek\/","og_site_name":"Essek - Importadora e Exportadora de produtos de qualidade","article_modified_time":"2025-12-10T15:03:31+00:00","og_image":[{"width":625,"height":491,"url":"https:\/\/www.essek.com.br\/loja\/wp-content\/uploads\/2025\/12\/rele_r9-3.jpg","type":"image\/jpeg"}],"twitter_card":"summary_large_image","twitter_misc":{"Est. tempo de leitura":"1 minuto"},"schema":{"@context":"https:\/\/schema.org","@graph":[{"@type":"WebPage","@id":"https:\/\/www.essek.com.br\/loja\/produto\/rele-termico-para-compressores-embraco-1-3hp-220v-marca-essek\/","url":"https:\/\/www.essek.com.br\/loja\/produto\/rele-termico-para-compressores-embraco-1-3hp-220v-marca-essek\/","name":"Rel\u00ea T\u00e9rmico Para Compressores Embraco 1\/3+HP 220V Marca Essek - Essek - Importadora e Exportadora de produtos de qualidade","isPartOf":{"@id":"https:\/\/www.essek.com.br\/loja\/#website"},"primaryImageOfPage":{"@id":"https:\/\/www.essek.com.br\/loja\/produto\/rele-termico-para-compressores-embraco-1-3hp-220v-marca-essek\/#primaryimage"},"image":{"@id":"https:\/\/www.essek.com.br\/loja\/produto\/rele-termico-para-compressores-embraco-1-3hp-220v-marca-essek\/#primaryimage"},"thumbnailUrl":"https:\/\/www.essek.com.br\/loja\/wp-content\/uploads\/2025\/12\/rele_r9-3.jpg","datePublished":"2025-12-10T15:03:29+00:00","dateModified":"2025-12-10T15:03:31+00:00","breadcrumb":{"@id":"https:\/\/www.essek.com.br\/loja\/produto\/rele-termico-para-compressores-embraco-1-3hp-220v-marca-essek\/#breadcrumb"},"inLanguage":"pt-BR","potentialAction":[{"@type":"ReadAction","target":["https:\/\/www.essek.com.br\/loja\/produto\/rele-termico-para-compressores-embraco-1-3hp-220v-marca-essek\/"]}]},{"@type":"ImageObject","inLanguage":"pt-BR","@id":"https:\/\/www.essek.com.br\/loja\/produto\/rele-termico-para-compressores-embraco-1-3hp-220v-marca-essek\/#primaryimage","url":"https:\/\/www.essek.com.br\/loja\/wp-content\/uploads\/2025\/12\/rele_r9-3.jpg","contentUrl":"https:\/\/www.essek.com.br\/loja\/wp-content\/uploads\/2025\/12\/rele_r9-3.jpg","width":625,"height":491},{"@type":"BreadcrumbList","@id":"https:\/\/www.essek.com.br\/loja\/produto\/rele-termico-para-compressores-embraco-1-3hp-220v-marca-essek\/#breadcrumb","itemListElement":[{"@type":"ListItem","position":1,"name":"In\u00edcio","item":"https:\/\/www.essek.com.br\/loja\/"},{"@type":"ListItem","position":2,"name":"Shop","item":"https:\/\/www.essek.com.br\/loja\/shop\/"},{"@type":"ListItem","position":3,"name":"Rel\u00ea T\u00e9rmico Para Compressores Embraco 1\/3+HP 220V Marca Essek"}]},{"@type":"WebSite","@id":"https:\/\/www.essek.com.br\/loja\/#website","url":"https:\/\/www.essek.com.br\/loja\/","name":"Essek - Importadora e Exportadora de produtos de qualidade","description":"Importadora e Exportadora de produtos de qualidade","publisher":{"@id":"https:\/\/www.essek.com.br\/loja\/#organization"},"alternateName":"Essek","potentialAction":[{"@type":"SearchAction","target":{"@type":"EntryPoint","urlTemplate":"https:\/\/www.essek.com.br\/loja\/?s={search_term_string}"},"query-input":{"@type":"PropertyValueSpecification","valueRequired":true,"valueName":"search_term_string"}}],"inLanguage":"pt-BR"},{"@type":"Organization","@id":"https:\/\/www.essek.com.br\/loja\/#organization","name":"Essek - Importadora e Exportadora de produtos de qualidade","alternateName":"Essek","url":"https:\/\/www.essek.com.br\/loja\/","logo":{"@type":"ImageObject","inLanguage":"pt-BR","@id":"https:\/\/www.essek.com.br\/loja\/#\/schema\/logo\/image\/","url":"https:\/\/www.essek.com.br\/loja\/wp-content\/uploads\/2025\/01\/Group-205.png","contentUrl":"https:\/\/www.essek.com.br\/loja\/wp-content\/uploads\/2025\/01\/Group-205.png","width":717,"height":571,"caption":"Essek - Importadora e Exportadora de produtos de qualidade"},"image":{"@id":"https:\/\/www.essek.com.br\/loja\/#\/schema\/logo\/image\/"},"sameAs":["https:\/\/www.instagram.com\/essekcomercial\/","https:\/\/www.linkedin.com\/company\/essek-comercial"]}]}},"_links":{"self":[{"href":"https:\/\/www.essek.com.br\/loja\/wp-json\/wp\/v2\/product\/3676","targetHints":{"allow":["GET"]}}],"collection":[{"href":"https:\/\/www.essek.com.br\/loja\/wp-json\/wp\/v2\/product"}],"about":[{"href":"https:\/\/www.essek.com.br\/loja\/wp-json\/wp\/v2\/types\/product"}],"replies":[{"embeddable":true,"href":"https:\/\/www.essek.com.br\/loja\/wp-json\/wp\/v2\/comments?post=3676"}],"version-history":[{"count":1,"href":"https:\/\/www.essek.com.br\/loja\/wp-json\/wp\/v2\/product\/3676\/revisions"}],"predecessor-version":[{"id":3682,"href":"https:\/\/www.essek.com.br\/loja\/wp-json\/wp\/v2\/product\/3676\/revisions\/3682"}],"wp:featuredmedia":[{"embeddable":true,"href":"https:\/\/www.essek.com.br\/loja\/wp-json\/wp\/v2\/media\/3681"}],"wp:attachment":[{"href":"https:\/\/www.essek.com.br\/loja\/wp-json\/wp\/v2\/media?parent=3676"}],"wp:term":[{"taxonomy":"product_brand","embeddable":true,"href":"https:\/\/www.essek.com.br\/loja\/wp-json\/wp\/v2\/product_brand?post=3676"},{"taxonomy":"product_cat","embeddable":true,"href":"https:\/\/www.essek.com.br\/loja\/wp-json\/wp\/v2\/product_cat?post=3676"},{"taxonomy":"product_tag","embeddable":true,"href":"https:\/\/www.essek.com.br\/loja\/wp-json\/wp\/v2\/product_tag?post=3676"}],"curies":[{"name":"wp","href":"https:\/\/api.w.org\/{rel}","templated":true}]}}