{"id":1442,"date":"2025-04-14T13:56:32","date_gmt":"2025-04-14T16:56:32","guid":{"rendered":"https:\/\/www.essek.com.br\/loja\/?post_type=product&#038;p=1442"},"modified":"2026-04-20T11:28:46","modified_gmt":"2026-04-20T14:28:46","slug":"tubo-de-cobre-flexivel-3-4-panqueca-com-15-metros","status":"publish","type":"product","link":"https:\/\/www.essek.com.br\/loja\/produto\/tubo-de-cobre-flexivel-3-4-panqueca-com-15-metros\/","title":{"rendered":"Tubo De Cobre Flex\u00edvel 3\/4&#8221; &#8211; Panqueca Com 15 Metros"},"content":{"rendered":"<p>O tubo de cobre \u00e9 um componente essencial para a instala\u00e7\u00e3o de sistemas de refrigera\u00e7\u00e3o no geral. Sua fun\u00e7\u00e3o \u00e9 promover as trocas de calor entre o sistema e o ambiente.\u00a0\u00a0Al\u00e9m de ser mais eficiente nas trocas de calor, ele \u00e9 mais resistente, sendo ideal para qualquer tipo de instala\u00e7\u00e3o. O cobre tamb\u00e9m n\u00e3o \u00e9 suscet\u00edvel \u00e0 corros\u00e3o por umidade, ou seja, voc\u00ea pode instal\u00e1-lo em aparelhos de regi\u00f5es litor\u00e2neas sem problema algum. O uso de tubos de cobre garante a qualidade do trabalho de instala\u00e7\u00e3o, evitando manuten\u00e7\u00f5es precoces. Aplica\u00e7\u00e3o: Ideal para Ar Condicionado e Refrigera\u00e7\u00e3o (Comercial, Industrial e Residencial) Medidas em polegadas: 3\/4&#8243; (di\u00e2metro) x 1\/32&#8243; (parede).<\/p>\n","protected":false},"excerpt":{"rendered":"<p>Tubo De Cobre Flex\u00edvel 3\/4&#8221; &#8211; Panqueca Com 15 Metros<\/p>\n","protected":false},"featured_media":3332,"comment_status":"open","ping_status":"closed","template":"","meta":[],"product_brand":[],"product_cat":[163,28],"product_tag":[],"class_list":{"0":"post-1442","1":"product","2":"type-product","3":"status-publish","4":"has-post-thumbnail","6":"product_cat-tubos-de-cobre","7":"product_cat-ar-condicionado","9":"first","10":"instock","11":"shipping-taxable","12":"purchasable","13":"product-type-simple"},"yoast_head":"<!-- This site is optimized with the Yoast SEO Premium plugin v24.1 (Yoast SEO v24.3) - https:\/\/yoast.com\/wordpress\/plugins\/seo\/ -->\n<title>Tubo De Cobre Flex\u00edvel 3\/4&#039;&#039; - Panqueca Com 15 Metros - Essek - Importadora e Exportadora de produtos de qualidade<\/title>\n<meta name=\"description\" content=\"Tubo De Cobre Flex\u00edvel 3\/4&#039;&#039; - Panqueca Com 15 Metros\" \/>\n<meta name=\"robots\" content=\"index, follow, max-snippet:-1, max-image-preview:large, max-video-preview:-1\" \/>\n<link rel=\"canonical\" href=\"https:\/\/www.essek.com.br\/loja\/produto\/tubo-de-cobre-flexivel-3-4-panqueca-com-15-metros\/\" \/>\n<meta property=\"og:locale\" content=\"pt_BR\" \/>\n<meta property=\"og:type\" content=\"article\" \/>\n<meta property=\"og:title\" content=\"Tubo De Cobre Flex\u00edvel 3\/4&#039;&#039; - Panqueca Com 15 Metros\" \/>\n<meta property=\"og:description\" content=\"Tubo De Cobre Flex\u00edvel 3\/4&#039;&#039; - Panqueca Com 15 Metros\" \/>\n<meta property=\"og:url\" content=\"https:\/\/www.essek.com.br\/loja\/produto\/tubo-de-cobre-flexivel-3-4-panqueca-com-15-metros\/\" \/>\n<meta property=\"og:site_name\" content=\"Essek - Importadora e Exportadora de produtos de qualidade\" \/>\n<meta property=\"article:modified_time\" content=\"2026-04-20T14:28:46+00:00\" \/>\n<meta property=\"og:image\" content=\"https:\/\/www.essek.com.br\/loja\/wp-content\/uploads\/2025\/04\/panqueca.jpg\" \/>\n\t<meta property=\"og:image:width\" content=\"761\" \/>\n\t<meta property=\"og:image:height\" content=\"739\" \/>\n\t<meta property=\"og:image:type\" content=\"image\/jpeg\" \/>\n<meta name=\"twitter:card\" content=\"summary_large_image\" \/>\n<meta name=\"twitter:label1\" content=\"Est. tempo de leitura\" \/>\n\t<meta name=\"twitter:data1\" content=\"1 minuto\" \/>\n<script type=\"application\/ld+json\" class=\"yoast-schema-graph\">{\"@context\":\"https:\/\/schema.org\",\"@graph\":[{\"@type\":\"WebPage\",\"@id\":\"https:\/\/www.essek.com.br\/loja\/produto\/tubo-de-cobre-flexivel-3-4-panqueca-com-15-metros\/\",\"url\":\"https:\/\/www.essek.com.br\/loja\/produto\/tubo-de-cobre-flexivel-3-4-panqueca-com-15-metros\/\",\"name\":\"Tubo De Cobre Flex\u00edvel 3\/4'' - Panqueca Com 15 Metros - Essek - Importadora e Exportadora de produtos de qualidade\",\"isPartOf\":{\"@id\":\"https:\/\/www.essek.com.br\/loja\/#website\"},\"primaryImageOfPage\":{\"@id\":\"https:\/\/www.essek.com.br\/loja\/produto\/tubo-de-cobre-flexivel-3-4-panqueca-com-15-metros\/#primaryimage\"},\"image\":{\"@id\":\"https:\/\/www.essek.com.br\/loja\/produto\/tubo-de-cobre-flexivel-3-4-panqueca-com-15-metros\/#primaryimage\"},\"thumbnailUrl\":\"https:\/\/www.essek.com.br\/loja\/wp-content\/uploads\/2025\/04\/panqueca.jpg\",\"datePublished\":\"2025-04-14T16:56:32+00:00\",\"dateModified\":\"2026-04-20T14:28:46+00:00\",\"description\":\"Tubo De Cobre Flex\u00edvel 3\/4'' - Panqueca Com 15 Metros\",\"breadcrumb\":{\"@id\":\"https:\/\/www.essek.com.br\/loja\/produto\/tubo-de-cobre-flexivel-3-4-panqueca-com-15-metros\/#breadcrumb\"},\"inLanguage\":\"pt-BR\",\"potentialAction\":[{\"@type\":\"ReadAction\",\"target\":[\"https:\/\/www.essek.com.br\/loja\/produto\/tubo-de-cobre-flexivel-3-4-panqueca-com-15-metros\/\"]}]},{\"@type\":\"ImageObject\",\"inLanguage\":\"pt-BR\",\"@id\":\"https:\/\/www.essek.com.br\/loja\/produto\/tubo-de-cobre-flexivel-3-4-panqueca-com-15-metros\/#primaryimage\",\"url\":\"https:\/\/www.essek.com.br\/loja\/wp-content\/uploads\/2025\/04\/panqueca.jpg\",\"contentUrl\":\"https:\/\/www.essek.com.br\/loja\/wp-content\/uploads\/2025\/04\/panqueca.jpg\",\"width\":761,\"height\":739},{\"@type\":\"BreadcrumbList\",\"@id\":\"https:\/\/www.essek.com.br\/loja\/produto\/tubo-de-cobre-flexivel-3-4-panqueca-com-15-metros\/#breadcrumb\",\"itemListElement\":[{\"@type\":\"ListItem\",\"position\":1,\"name\":\"In\u00edcio\",\"item\":\"https:\/\/www.essek.com.br\/loja\/\"},{\"@type\":\"ListItem\",\"position\":2,\"name\":\"Shop\",\"item\":\"https:\/\/www.essek.com.br\/loja\/shop\/\"},{\"@type\":\"ListItem\",\"position\":3,\"name\":\"Tubo De Cobre Flex\u00edvel 3\/4&#8221; &#8211; Panqueca Com 15 Metros\"}]},{\"@type\":\"WebSite\",\"@id\":\"https:\/\/www.essek.com.br\/loja\/#website\",\"url\":\"https:\/\/www.essek.com.br\/loja\/\",\"name\":\"Essek - Importadora e Exportadora de produtos de qualidade\",\"description\":\"Importadora e Exportadora de produtos de qualidade\",\"publisher\":{\"@id\":\"https:\/\/www.essek.com.br\/loja\/#organization\"},\"alternateName\":\"Essek\",\"potentialAction\":[{\"@type\":\"SearchAction\",\"target\":{\"@type\":\"EntryPoint\",\"urlTemplate\":\"https:\/\/www.essek.com.br\/loja\/?s={search_term_string}\"},\"query-input\":{\"@type\":\"PropertyValueSpecification\",\"valueRequired\":true,\"valueName\":\"search_term_string\"}}],\"inLanguage\":\"pt-BR\"},{\"@type\":\"Organization\",\"@id\":\"https:\/\/www.essek.com.br\/loja\/#organization\",\"name\":\"Essek - Importadora e Exportadora de produtos de qualidade\",\"alternateName\":\"Essek\",\"url\":\"https:\/\/www.essek.com.br\/loja\/\",\"logo\":{\"@type\":\"ImageObject\",\"inLanguage\":\"pt-BR\",\"@id\":\"https:\/\/www.essek.com.br\/loja\/#\/schema\/logo\/image\/\",\"url\":\"https:\/\/www.essek.com.br\/loja\/wp-content\/uploads\/2025\/01\/Group-205.png\",\"contentUrl\":\"https:\/\/www.essek.com.br\/loja\/wp-content\/uploads\/2025\/01\/Group-205.png\",\"width\":717,\"height\":571,\"caption\":\"Essek - Importadora e Exportadora de produtos de qualidade\"},\"image\":{\"@id\":\"https:\/\/www.essek.com.br\/loja\/#\/schema\/logo\/image\/\"},\"sameAs\":[\"https:\/\/www.instagram.com\/essekcomercial\/\",\"https:\/\/www.linkedin.com\/company\/essek-comercial\"]}]}<\/script>\n<!-- \/ Yoast SEO Premium plugin. -->","yoast_head_json":{"title":"Tubo De Cobre Flex\u00edvel 3\/4'' - Panqueca Com 15 Metros - Essek - Importadora e Exportadora de produtos de qualidade","description":"Tubo De Cobre Flex\u00edvel 3\/4'' - Panqueca Com 15 Metros","robots":{"index":"index","follow":"follow","max-snippet":"max-snippet:-1","max-image-preview":"max-image-preview:large","max-video-preview":"max-video-preview:-1"},"canonical":"https:\/\/www.essek.com.br\/loja\/produto\/tubo-de-cobre-flexivel-3-4-panqueca-com-15-metros\/","og_locale":"pt_BR","og_type":"article","og_title":"Tubo De Cobre Flex\u00edvel 3\/4'' - Panqueca Com 15 Metros","og_description":"Tubo De Cobre Flex\u00edvel 3\/4'' - Panqueca Com 15 Metros","og_url":"https:\/\/www.essek.com.br\/loja\/produto\/tubo-de-cobre-flexivel-3-4-panqueca-com-15-metros\/","og_site_name":"Essek - Importadora e Exportadora de produtos de qualidade","article_modified_time":"2026-04-20T14:28:46+00:00","og_image":[{"width":761,"height":739,"url":"https:\/\/www.essek.com.br\/loja\/wp-content\/uploads\/2025\/04\/panqueca.jpg","type":"image\/jpeg"}],"twitter_card":"summary_large_image","twitter_misc":{"Est. tempo de leitura":"1 minuto"},"schema":{"@context":"https:\/\/schema.org","@graph":[{"@type":"WebPage","@id":"https:\/\/www.essek.com.br\/loja\/produto\/tubo-de-cobre-flexivel-3-4-panqueca-com-15-metros\/","url":"https:\/\/www.essek.com.br\/loja\/produto\/tubo-de-cobre-flexivel-3-4-panqueca-com-15-metros\/","name":"Tubo De Cobre Flex\u00edvel 3\/4'' - Panqueca Com 15 Metros - Essek - Importadora e Exportadora de produtos de qualidade","isPartOf":{"@id":"https:\/\/www.essek.com.br\/loja\/#website"},"primaryImageOfPage":{"@id":"https:\/\/www.essek.com.br\/loja\/produto\/tubo-de-cobre-flexivel-3-4-panqueca-com-15-metros\/#primaryimage"},"image":{"@id":"https:\/\/www.essek.com.br\/loja\/produto\/tubo-de-cobre-flexivel-3-4-panqueca-com-15-metros\/#primaryimage"},"thumbnailUrl":"https:\/\/www.essek.com.br\/loja\/wp-content\/uploads\/2025\/04\/panqueca.jpg","datePublished":"2025-04-14T16:56:32+00:00","dateModified":"2026-04-20T14:28:46+00:00","description":"Tubo De Cobre Flex\u00edvel 3\/4'' - Panqueca Com 15 Metros","breadcrumb":{"@id":"https:\/\/www.essek.com.br\/loja\/produto\/tubo-de-cobre-flexivel-3-4-panqueca-com-15-metros\/#breadcrumb"},"inLanguage":"pt-BR","potentialAction":[{"@type":"ReadAction","target":["https:\/\/www.essek.com.br\/loja\/produto\/tubo-de-cobre-flexivel-3-4-panqueca-com-15-metros\/"]}]},{"@type":"ImageObject","inLanguage":"pt-BR","@id":"https:\/\/www.essek.com.br\/loja\/produto\/tubo-de-cobre-flexivel-3-4-panqueca-com-15-metros\/#primaryimage","url":"https:\/\/www.essek.com.br\/loja\/wp-content\/uploads\/2025\/04\/panqueca.jpg","contentUrl":"https:\/\/www.essek.com.br\/loja\/wp-content\/uploads\/2025\/04\/panqueca.jpg","width":761,"height":739},{"@type":"BreadcrumbList","@id":"https:\/\/www.essek.com.br\/loja\/produto\/tubo-de-cobre-flexivel-3-4-panqueca-com-15-metros\/#breadcrumb","itemListElement":[{"@type":"ListItem","position":1,"name":"In\u00edcio","item":"https:\/\/www.essek.com.br\/loja\/"},{"@type":"ListItem","position":2,"name":"Shop","item":"https:\/\/www.essek.com.br\/loja\/shop\/"},{"@type":"ListItem","position":3,"name":"Tubo De Cobre Flex\u00edvel 3\/4&#8221; &#8211; Panqueca Com 15 Metros"}]},{"@type":"WebSite","@id":"https:\/\/www.essek.com.br\/loja\/#website","url":"https:\/\/www.essek.com.br\/loja\/","name":"Essek - Importadora e Exportadora de produtos de qualidade","description":"Importadora e Exportadora de produtos de qualidade","publisher":{"@id":"https:\/\/www.essek.com.br\/loja\/#organization"},"alternateName":"Essek","potentialAction":[{"@type":"SearchAction","target":{"@type":"EntryPoint","urlTemplate":"https:\/\/www.essek.com.br\/loja\/?s={search_term_string}"},"query-input":{"@type":"PropertyValueSpecification","valueRequired":true,"valueName":"search_term_string"}}],"inLanguage":"pt-BR"},{"@type":"Organization","@id":"https:\/\/www.essek.com.br\/loja\/#organization","name":"Essek - Importadora e Exportadora de produtos de qualidade","alternateName":"Essek","url":"https:\/\/www.essek.com.br\/loja\/","logo":{"@type":"ImageObject","inLanguage":"pt-BR","@id":"https:\/\/www.essek.com.br\/loja\/#\/schema\/logo\/image\/","url":"https:\/\/www.essek.com.br\/loja\/wp-content\/uploads\/2025\/01\/Group-205.png","contentUrl":"https:\/\/www.essek.com.br\/loja\/wp-content\/uploads\/2025\/01\/Group-205.png","width":717,"height":571,"caption":"Essek - Importadora e Exportadora de produtos de qualidade"},"image":{"@id":"https:\/\/www.essek.com.br\/loja\/#\/schema\/logo\/image\/"},"sameAs":["https:\/\/www.instagram.com\/essekcomercial\/","https:\/\/www.linkedin.com\/company\/essek-comercial"]}]}},"_links":{"self":[{"href":"https:\/\/www.essek.com.br\/loja\/wp-json\/wp\/v2\/product\/1442","targetHints":{"allow":["GET"]}}],"collection":[{"href":"https:\/\/www.essek.com.br\/loja\/wp-json\/wp\/v2\/product"}],"about":[{"href":"https:\/\/www.essek.com.br\/loja\/wp-json\/wp\/v2\/types\/product"}],"replies":[{"embeddable":true,"href":"https:\/\/www.essek.com.br\/loja\/wp-json\/wp\/v2\/comments?post=1442"}],"version-history":[{"count":3,"href":"https:\/\/www.essek.com.br\/loja\/wp-json\/wp\/v2\/product\/1442\/revisions"}],"predecessor-version":[{"id":3331,"href":"https:\/\/www.essek.com.br\/loja\/wp-json\/wp\/v2\/product\/1442\/revisions\/3331"}],"wp:featuredmedia":[{"embeddable":true,"href":"https:\/\/www.essek.com.br\/loja\/wp-json\/wp\/v2\/media\/3332"}],"wp:attachment":[{"href":"https:\/\/www.essek.com.br\/loja\/wp-json\/wp\/v2\/media?parent=1442"}],"wp:term":[{"taxonomy":"product_brand","embeddable":true,"href":"https:\/\/www.essek.com.br\/loja\/wp-json\/wp\/v2\/product_brand?post=1442"},{"taxonomy":"product_cat","embeddable":true,"href":"https:\/\/www.essek.com.br\/loja\/wp-json\/wp\/v2\/product_cat?post=1442"},{"taxonomy":"product_tag","embeddable":true,"href":"https:\/\/www.essek.com.br\/loja\/wp-json\/wp\/v2\/product_tag?post=1442"}],"curies":[{"name":"wp","href":"https:\/\/api.w.org\/{rel}","templated":true}]}}